12 + 11*i**3/6 + 5*i**2. Let a be n(6). Suppose 1796 = a*q - 19*q. Is q a composite number?
False
Let v = 2461712 + 979761. Is v composite?
True
Let a be 84/(-63)*(-15)/(-10). Suppose -s + 5*j = -0*s + 6, -s + 18 = j. Is s/(1/((-1844)/(-3696)) + a) a composite number?
True
Let r(h) = 5*h + 4. Let b be r(0). Suppose 0 = -4*f - 0*v + b*v + 61664, -4*v + 77107 = 5*f. Is f a prime number?
False
Let q(x) = -565974*x**3 - 3*x**2 - 16*x - 14. Is q(-1) a composite number?
False
Suppose 3*j - 11610 = -3*t, 0 = -4*j + 7*j - 5*t - 11642. Suppose 148*y - 146*y = j. Is y a prime number?
False
Is (259951*-1)/(0 - (6/1 - 5)) a composite number?
True
Suppose 213511302 = -65*u + 227*u. Is u a composite number?
False
Suppose 0 = 5*r - 7*w + 2*w + 1815, 0 = -w + 4. Let g = r + 652. Is g composite?
False
Let f(t) = 577*t + 113 - 288*t - 273*t. Is f(4) a composite number?
True
Suppose -17*w + 12*w - 15 = 0. Let m be -3*w/9 - 0/(-2). Suppose o + m = 0, 0 = 2*g - 4*g + 5*o + 177. Is g a prime number?
False
Suppose -334393360 - 172615079 = -441*h. Is h prime?
True
Suppose 554723 + 217372 = 332*l - 2910781. Is l a prime number?
True
Suppose 1698 = -11*w - 689. Let q = 439 + w. Is (136/24)/(2/q*1) prime?
False
Let u = 484330 + -21697. Is u prime?
False
Suppose 4*t = -7*t + 44. Let d = 7 - 5. Suppose 7565 - 1076 = t*b - s, -d*b + 5*s = -3267. Is b a composite number?
False
Let q = -284 - -290. Suppose -2*t - 51526 = -q*x + 2*x, 64409 = 5*x - 2*t. Is x a prime number?
False
Let f = 324688 - 184215. Is f a prime number?
True
Let i(l) = 6123*l**2 - 651*l + 5813. Is i(9) a composite number?
True
Suppose 3*b - 2*b + a - 28 = 0, 0 = -3*a - 9. Let q(y) = -y**3 + 32*y**2 - 6*y + 12. Is q(b) prime?
True
Let v(w) = -349*w + 1198. Is v(-15) a composite number?
True
Suppose 3*v + v - 44 = -l, -20 = -5*l. Suppose 0*q - 11140 = -v*q. Suppose 0 = -y + q + 645. Is y composite?
False
Suppose 5*k = -3*a + 148, 5*a - 160 = 2*a - 2*k. Suppose -3*u = 12, -z + 2*z = u + a. Suppose 5*n - 653 = -3*q, -167 = -q - 2*n + z. Is q composite?
False
Is 81579/21*38 + 16/(-112) composite?
True
Suppose -2*h = -5203 - 3055. Let b = 3492 + h. Is b prime?
True
Suppose y = -39*z + 34*z + 1412406, -3*y + 4237128 = -3*z. Is y a prime number?
True
Let s = -3801 - -3821. Suppose -139 = -u + 178. Suppose -19*m - u = -s*m. Is m a composite number?
False
Let w(f) = -4*f**3 + 183*f**2 + 11*f + 92. Is w(38) composite?
True
Is 146605 - (15 + -14)/(3/24) a prime number?
False
Let b be (14/(-6) - -1)*48/(-32). Let j(m) = -113*m**3 + 114*m**3 + 1 - m - b. Is j(7) composite?
True
Let g be (-3)/(-6)*-2*-6469. Let w = -4206 + g. Let v = w + -1544. Is v prime?
True
Let k = 25 + 4. Let g = -26 + k. Suppose 4*o + g*o = 13342. Is o prime?
False
Let a = 32558 - 261. Is a composite?
False
Suppose 0 = 2*d + 6 + 4, -q - d - 2 = 0. Let v(c) = -9*c + 261. Let p be v(29). Suppose 3*r + p*r - 321 = -q*o, o + 115 = r. Is r composite?
True
Suppose -2*w = -4*p - 151830, 7*w = 5*p + 190466 + 340948. Is w prime?
False
Let z(p) = 46*p + 2. Let b = 3 - -1. Let r be z(b). Suppose 10*k - r = 7*k. Is k prime?
False
Let i be (-19)/((-152)/(-32)) - -1*6. Is (-1 + (-15)/(-2))/(i/1324) a prime number?
False
Let k = 18099 - 15814. Is k a composite number?
True
Suppose 8*m + 73 = -119. Is (8 + 200/m)/(1/(-99)) a prime number?
False
Suppose -2*b - 390 = 3*b. Let h = 55 + b. Let o = 122 - h. Is o prime?
False
Let o be (-30 + 25)*(-2)/2. Suppose -6*h - 649 = -9*h - o*c, -5*h = -c - 1119. Is h a composite number?
False
Let m(n) be the first derivative of -51*n**2/2 + 6*n - 47. Let h be m(4). Let l = h + 385. Is l a composite number?
True
Is (798/(-28))/(((-635487)/(-158874) - 7) + 3) a composite number?
True
Suppose 8*j - 3651422 = -2*b, 2*j - 21*b + 18*b - 912845 = 0. Is j a composite number?
False
Suppose -q + 3*z = 13, 2*q = 3*z - 10 - 1. Suppose -q*k + 16*k = 436478. Is k composite?
False
Let t(h) = h**2 - 7*h + 12. Let f be t(5). Let z(r) = -4*r - 2*r**2 + 683 + f*r - r**2 + 2*r**2. Is z(0) a prime number?
True
Let z(w) = -w**3 + w**2 + w - 5. Let s be z(3). Let o(p) = -91*p + 3. Is o(s) composite?
False
Let o = -471 + -151. Let x = -283 - o. Let i = 1438 - x. Is i prime?
False
Suppose -2 = w + 3. Let q(g) = -143*g + 21. Let h(r) = -71*r + 10. Let d(t) = w*h(t) + 2*q(t). Is d(3) a prime number?
True
Let d(p) = -5*p - 24. Let w be d(-2). Let v be 5040/w*8/6. Let c = 839 + v. Is c prime?
True
Suppose -2508539 = -9964*a + 9953*a. Is a composite?
False
Let r(s) = 195*s**2 - 2*s - 13. Let o be r(4). Let n = o - 2201. Let a = n + 55. Is a prime?
True
Let r = -401 + 356. Is (r/(-15))/((-2)/15482*-1) prime?
False
Let a be ((-78)/(-8) + -4)/((-1)/(-2924)). Suppose -1851 = -8*k + a. Is k composite?
False
Suppose 0 = s + 5*j - 8, 2*s - 4*j = 3*s - 7. Suppose s*f - 10936 = 2831. Is f a prime number?
False
Let n(s) = -s**3 - 6*s**2 + 16*s + 39. Let y be n(-7). Is (138870/y)/(-5)*4 a prime number?
False
Let y = 1503 - -7359. Suppose 0 = 24*z + 18*z - y. Is z prime?
True
Let h(k) = k**3 + 7*k**2 + 2*k - 12. Let x be h(-6). Suppose 0*d - 15 = -4*d - 5*l, 0 = d - 4*l + x. Suppose d = 5*n + 336 - 1121. Is n prime?
True
Suppose 0 = -0*z + 4*z + 24. Let j be (z/(-4))/(13/4 + -3). Is (-6730)/(-4 - 1) + j/2 a composite number?
True
Let t be (-10)/4*8/4. Let j(h) = 107*h**2 - 6*h + 2. Is j(t) a prime number?
True
Suppose -d + 0*d = -8288. Let o = d + -5517. Is o composite?
True
Let m = -585 + 565. Is (-108970)/m + (-7)/(-14) a composite number?
False
Suppose 110 = -r + 106. Is (-74)/((-9)/(-3) + r - 1) a composite number?
False
Suppose 120*t = 122*t + 4, -w + 2633 = -t. Is w prime?
False
Let w(s) = -15*s - 35. Let i(x) = 7*x + 17. Let q(g) = -13*i(g) - 6*w(g). Let u be q(-9). Is ((-514)/u)/(3/(-6)*-2) a composite number?
False
Let c(t) be the second derivative of -341*t**3/3 + 9*t**2/2 - 8*t. Let y(q) = -2*q**3 - 58*q**2 + q + 28. Let m be y(-29). Is c(m) prime?
True
Suppose 509*m = -3*j + 507*m + 107009, 0 = -4*j - m + 142682. Is j a composite number?
False
Let s be (-9 - -4)*(-8092 + 23). Let o = s + -17286. Is o composite?
False
Let r(q) = -2*q - 2. Suppose -3 = 3*k - 0*k. Let y be r(k). Is 6/(-3)*(y - 79/2) a prime number?
True
Let k be (85/34)/(2/4). Suppose 13*w - 8*w = r - 526, 5*r = k*w + 2730. Is r a prime number?
False
Suppose -s = -4*l + 1, -2*l + 5*s = -35 + 12. Let z be (-5 + l)/((-18)/48). Suppose 17*r = z*r + 217. Is r composite?
True
Suppose 5*q - r - 3*r = -5189, -1049 = q + 2*r. Let k = q + 1960. Is k a prime number?
True
Let k(l) = -6*l - 175. Let h be k(-30). Suppose 0 = h*g - 15, 3*p + 9*g - 8*g - 2124 = 0. Is p a prime number?
False
Let f = 37597 + 442. Is f composite?
False
Let p = 6 + -3. Let y = -1766 - -1772. Suppose -5*c + 5785 = -p*b, -y*b + 2*b = -2*c + 2314. Is c a composite number?
True
Is -1*(77/11 - (-69450)/(-3)) a prime number?
True
Let r = -475 + 1285. Suppose -r*c + 818*c = 17624. Is c composite?
False
Let s = 67 + -35. Let c = s - 30. Suppose -8*a + 894 = -c*a. Is a composite?
False
Let p(z) = 3 - 44*z + 172*z + 138*z. Let s(u) = -2*u**3 - 41*u**2 + 25*u + 91. Let n be s(-21). Is p(n) prime?
False
Suppose 4*x = l + 26316, 0*l + 5*l + 19720 = 3*x. Let h = 5299 + x. Is h prime?
False
Suppose 3*w + 184 + 20968 = 4*z, -z + w + 5288 = 0. Is ((-12)/(-2))/(24/z) a prime number?
False
Suppose 34*v - 6825 - 8237 = 0. Is v a composite number?
False
Let q(y) = 11*y**2 + 12*y + 12. Suppose 12*c + 105 = 7*c. Let j be q(c). Suppose -2*x - 482 = -l + 445, 4*x + j = 5*l. Is l prime?
True
Let d(q) = 3*q**2 - 2*q + 3. Let m be d(1). Suppose 2*v - m*v + u + 11 = 0, 4*v + 2*u - 18 = 0. Is -2 + v/((-10)/(-8)) a composite number?
False
Let l be 6*10/40*(1 + -3). Let f be (-7)/(-2) + l/(-6). Suppose 1413 = 5*i + f*i. Is i composite?
False
Suppose -2*u + 3*q = -477954 + 178579, -2*q + 748447 = 5*u. Is u prime?
True
Let h(i) = 4*i**3 + 8*i**2 - 15*i + 37. Suppose 4*s + 5*u = 23, 0 = -3*s + 5*u - 3*u + 46. Is h(s) composite?
True
Let h = 613976 + -358033. Is h composite?
True
Suppose -55*k = -57*k - 20. Let i = k + -6. Is (-1)/2 - 12/i*642 a composite number?
True
Let x(w) = 104*w + 14. Let r be x(10). Suppose -250 = 2*k - r. Is k/4*8/6 composite?
True
Is (2 + (-3 - 6/(-4)))/((-6)/(-282108)) composite?
False
Let m = 136 + -134. Suppose 0 = 3*u + 5*k - 644